is the highest common factor of 45 and f?
15
Suppose -3*u - 4*d = -5*d - 1204, 1984 = 5*u + 4*d. What is the greatest common factor of 320 and u?
80
Let z = 15499 - 15151. Calculate the highest common factor of 44 and z.
4
Let i(g) = g**3 - 22*g**2 - 21*g - 38. Let r = 385 - 362. Let j be i(r). Calculate the highest common factor of j and 24.
8
Suppose 8 = -o - 2*j, -4*j = -5*o + 33 - 143. Let y = o - -34. Suppose -15*g = -816 + 398 - 782. What is the greatest common divisor of y and g?
16
Suppose -16*n + 14*n - 112 = 0. Let i = n + 73. Let o be -2 + 5/1 + 82. What is the greatest common divisor of i and o?
17
Suppose 17 = 2*o - o. Suppose -3*r + o = -88. Suppose -11844 = 20*x - 11984. Calculate the highest common factor of r and x.
7
Let a be ((-175)/300)/((-4)/48) - 14173/(-1). What is the highest common factor of 20 and a?
20
Suppose -4*r + 7*r = 42. Suppose 276 = 20*v + 136. Let a be 1701/49 - (-2)/v. Calculate the greatest common factor of a and r.
7
Suppose -2*j + 21 = -15. Suppose 0 = -b - 20 + 20. Suppose 2*v + 5*t - 324 = 0, 2*v - 4*t - 324 = -b*t. Calculate the greatest common divisor of j and v.
18
Let x(p) = p**2 - 7. Let l be x(-4). Let b be ((-45)/25)/(l/(-75)). What is the greatest common factor of 15 and b?
15
Let p = 5771 - 4920. Calculate the greatest common factor of p and 161.
23
Let d(i) = 6*i + 50. Let w be d(3). Suppose 2*l - 322 = -5*n, 3*n - 77 = 3*l + 133. Suppose 0 = w*y - n*y - 68. What is the highest common factor of 17 and y?
17
Let a(v) = v**3 + 86*v**2 + 1812*v + 27. Let y be a(-48). Calculate the highest common factor of y and 8040.
201
Suppose 187 = 3*s + u, -4*s + s - 2*u = -182. What is the highest common factor of 608 and s?
32
Let y(g) = 17*g + 10. Let u(t) = 33*t + 21. Let z(j) = 3*u(j) - 5*y(j). Let h be z(8). Calculate the greatest common factor of h and 25.
25
Suppose 26*v + 38 = -92. Let r be 2025/6 + v + 2/4. What is the greatest common divisor of r and 18?
9
Suppose 10*x - 11*x - 7 = 0, -4*y + x = -4207. What is the highest common divisor of 750 and y?
150
Let v(u) = -2*u**2 - 59*u + 476. Let w be v(0). Calculate the highest common factor of w and 7.
7
Let p = 13263 - 12612. Calculate the greatest common divisor of 3 and p.
3
Suppose 1076 = 2*w + 2*w. Let c be (10/(-3))/(-3 - w/(-90)). Let s = -148 + c. Calculate the highest common divisor of 19 and s.
19
Let a be 2/(-23) - (-216216)/1242. What is the highest common factor of a and 102?
6
Let y(u) = 268*u + 1832. Let i be y(-6). Calculate the greatest common divisor of 36 and i.
4
Let v be (-4)/(-14) + 481/7. Let x be (165 - 172)/((-3)/69). What is the greatest common divisor of x and v?
23
Let s be -4*63/36 + (1503 - -4). Calculate the highest common divisor of s and 12.
12
Suppose 0 = 4*y + 5*u - 480, 0 = 32*u - 27*u + 20. What is the greatest common divisor of 100 and y?
25
Suppose -16 = -4*t, 1600 = 5*j + 3*t - 22. Suppose 0 = j*r - 323*r + 312. What is the greatest common factor of r and 39?
39
Let p be (-4 - (9 + -3))/1. Let r = p - -13. What is the greatest common divisor of 42 and r?
3
Suppose -x + 23 = -6*x + v, -3*x - 13 = -v. Let w be (-2 - 240/25)*x. Let u be (w/(-3))/(1/(-3)) - 1. What is the highest common factor of 19 and u?
19
Let w = -8272 - -19701. Calculate the highest common factor of 11 and w.
11
Suppose -73*f - 24 = -69*f. Let u be 216*(-1)/f*10. What is the highest common factor of 40 and u?
40
Let r be ((-4)/(-5))/((-119)/(-120) - 1). Let z = 145 + r. What is the greatest common factor of z and 196?
49
Suppose 4*c - 29 = -9. Suppose c*r - 15*r = -1800. What is the greatest common divisor of 20 and r?
20
Suppose -99*a - 153*a + 2706576 = 87*a. What is the highest common factor of a and 8?
8
Suppose 0 = -3*g + u + 154, -u = -g - 4*g + 258. Calculate the highest common divisor of g and 1937.
13
Suppose 0 = 5*z - 3*z + 8. Let g be (z/6)/(28/(-1890)). Suppose 0 = -2*l + 3*h + 30, l + g = 4*l + 3*h. Calculate the highest common factor of l and 135.
15
Let t = 1004 - 1002. Let i(d) be the second derivative of d**5/20 + d. Let v be i(t). What is the greatest common factor of 56 and v?
8
Let k be (-1)/2 + (-33)/(-2) + 4. Suppose -22*y + k = -24. Calculate the greatest common factor of y and 54.
2
Let n be 9/(-2)*138852/(-171). Calculate the highest common factor of n and 14.
14
Let z be (5/(-2))/((-1)/2). Let t = 22 - 20. Suppose -o = -0*m + t*m - 166, -z*o = -4*m - 900. What is the greatest common divisor of 22 and o?
22
Let l(s) = s**2 - 44*s + 573. Let x be l(126). Calculate the greatest common factor of 15 and x.
15
Let x be (80/(-30))/((-1)/6). Calculate the highest common divisor of 1444 and x.
4
Suppose 2*u + 2*u - 24 = 0. Suppose -2*c - 87 = -2*s - 71, 4*c = s - 2. Suppose -u*r + 4*r = 4*o, 4*r = 2*o - s. What is the highest common divisor of 13 and o?
1
Let g = -762 - -777. What is the highest common divisor of g and 3735?
15
Let q(j) = 160*j - 1093. Let o be q(7). What is the highest common divisor of 186 and o?
3
Suppose -214 = -6*l + 2*l + 878. Calculate the greatest common factor of 189 and l.
21
Let w(n) = -386*n**3 + 6561*n**2 + 20*n - 7. Let b be w(17). Let c be ((-26)/(-4))/((-3)/(-264)). Calculate the greatest common factor of c and b.
44
Suppose -14*y + 7 = -21. Suppose 12 = -3*b, b + b + 8 = z. Let h = 3 + z. What is the greatest common factor of h and y?
1
Let k(q) = 8*q - 4. Let c be k(4). Suppose 12 + 0 = -2*d. Let l be 15/d*(4 - (-140)/(-25)). What is the greatest common divisor of c and l?
4
Suppose -l + 4*o - 6*o = -144, -5*o - 690 = -5*l. Suppose 0 = 3*k + 2*q - 115, -q + 22 - l = -3*k. Let w = 4 - 1. What is the greatest common factor of k and w?
3
Let o be 82/8 + 3/(-12). Suppose 13*a + 58*a + 279 - 847 = 0. Calculate the highest common factor of a and o.
2
Let p be (-4)/42 - (-35821)/2373. Calculate the highest common divisor of 260 and p.
5
Suppose 102*h - 264 = 99*h. What is the greatest common factor of 40 and h?
8
Let g be (-588)/686 + 18604/14. Calculate the highest common divisor of 83 and g.
83
Let r = 2783 + 6893. What is the highest common divisor of r and 492?
164
Let q be 171*(11 - (-581)/63). What is the greatest common factor of 182 and q?
182
Suppose -66 = 188*h - 182*h. Let o be 36 - (3 + h)*1. What is the highest common factor of 55 and o?
11
Let x be 164*(-15)/(-102) + 15/((-2040)/16). Calculate the greatest common divisor of x and 9912.
24
Let s be 3 + 4/(-8)*4 - -384. Let x = -334 + s. Calculate the greatest common divisor of 187 and x.
17
Let r = -153 + 666. Calculate the highest common factor of r and 54.
27
Let t = 304 - 301. Suppose 0 = -c - 2, 6*c - 5*c = -t*s + 4. What is the highest common factor of s and 120?
2
Let a = 47 + -44. Suppose 5*n - 3*c = -23, -5*n - a*c = -9 + 26. Let g = n - -12. Calculate the highest common factor of g and 2.
2
Suppose 0 = -4*z + z, -8 = -l - 4*z. Suppose 42 = l*c - 150. Calculate the greatest common divisor of c and 48.
24
Let w be (-324)/(-16)*72/(-12)*(-10)/15. Calculate the greatest common divisor of w and 7.
1
Let v = 88 + -83. Let m be (-3)/((-6)/v)*(-162)/(-45). Calculate the highest common factor of 153 and m.
9
Let o(m) = 5*m**2 + 222*m + 886. Let b be o(-4). Calculate the highest common factor of b and 416.
26
Suppose -3*i - 5*c + 64 = 0, 3*c - 54 - 18 = -3*i. Suppose -i*y + 6192 = -528. What is the greatest common factor of y and 15?
15
Let x be 5 - (6 + -285 - -24). Calculate the highest common factor of x and 1196.
52
Let x(n) = -11*n - 84. Let y be x(-7). Let f be (2/8 + (-10 - y))*-4. Calculate the greatest common factor of f and 99.
11
Suppose 8*v - 3*v + a - 3603 = 0, -3*a = -5*v + 3591. Suppose 105*t - 109*t = -v. Calculate the greatest common divisor of 20 and t.
20
Let u = -42 + 38. Let r be u/(-20) + (-596)/(-20) + 2. Let d be (2 - 514)*(-6)/12. What is the greatest common divisor of r and d?
32
Let c = 24 - 85. Let z = -19 - c. Let u = 16 - -12. What is the greatest common factor of u and z?
14
Let v = 807 - -187. What is the greatest common factor of 98 and v?
14
Let q = -17608 + 17675. What is the greatest common factor of 4891 and q?
67
Let x be ((-730)/2)/(15 - 16). Let r = -351 + x. Calculate the highest common divisor of r and 154.
14
Let g be 16/24*(3 - -6). Suppose -3*q = 2*m - 39, -7*m + 47 = -g*m - 4*q. What is t